{"id":108,"date":"2013-08-11T19:06:15","date_gmt":"2013-08-11T19:06:15","guid":{"rendered":"http:\/\/localhost:8888\/test\/?page_id=520"},"modified":"2026-03-11T15:55:09","modified_gmt":"2026-03-11T14:55:09","slug":"about","status":"publish","type":"page","link":"https:\/\/lakritzkontor.de\/shop\/elements\/pages\/about\/","title":{"rendered":"About"},"content":{"rendered":"\n\n  <div class=\"banner has-hover has-parallax\" id=\"banner-1059161860\">\n          <div class=\"banner-inner fill\">\n        <div class=\"banner-bg fill\" data-parallax=\"-3\" data-parallax-container=\".banner\" data-parallax-background>\n            <img loading=\"lazy\" decoding=\"async\" width=\"1000\" height=\"650\" src=\"https:\/\/lakritzkontor.de\/shop\/wp-content\/uploads\/2016\/08\/dummy-2.jpg\" class=\"bg attachment-large size-large\" alt=\"\" \/>                        <div class=\"overlay\"><\/div>            \n                    <\/div>\n\t\t\n        <div class=\"banner-layers container\">\n            <div class=\"fill banner-link\"><\/div>            \n\n   <div id=\"text-box-617299221\" class=\"text-box banner-layer x50 md-x50 lg-x50 y80 md-y80 lg-y80 res-text\">\n                                <div class=\"text-box-content text dark\">\n              \n              <div class=\"text-inner text-center\">\n                  \n\n<h1 class=\"lead\">Das sind wir&#8230;<\/h1>\n<p class=\"lead\">Seit 2003 dreht sich bei uns alles um Lakritze. Von Lik\u00f6ren \u00fcber S\u00fc\u00dfwaren, bis hin zu Eis- und auch Wurstkreationen. Wir suchen und finden f\u00fcr Euch das besondere S\u00fc\u00dfholzerlebnis.<\/p>\n<p>&#8220;Wer kein Lakritz mag, hat nur noch nicht das Richtige gekostet&#8221;<\/p>\n\n              <\/div>\n           <\/div>\n                            \n<style>\n#text-box-617299221 {\n  width: 60%;\n}\n#text-box-617299221 .text-box-content {\n  font-size: 100%;\n}\n<\/style>\n    <\/div>\n \n\n        <\/div>\n      <\/div>\n\n            \n<style>\n#banner-1059161860 {\n  padding-top: 507px;\n}\n#banner-1059161860 .overlay {\n  background-color: rgba(0, 0, 0, 0.49);\n}\n<\/style>\n  <\/div>\n\n\n<div class=\"row\"  id=\"row-953624818\">\n\n\n\t<div id=\"col-1070848573\" class=\"col small-12 large-12\"  >\n\t\t\t\t<div class=\"col-inner\"  >\n\t\t\t\n\t\t\t\n\n<p class=\"lead text-center\">Das Team rund um <strong>Dietmar Teickner<\/strong> hat sich auf die Fahne geschrieben, f\u00fcr Euch immer freundlich, zuverl\u00e4ssig, zeitnah und kundenorientiert da zu sein. Und das teilweise schon seit den ersten Tagen. Wir freuen uns auf Euch &lt;3<\/p>\n<div class=\"text-center\"><div class=\"is-divider divider clearfix\" ><\/div><\/div>\n\n\n\t\t<\/div>\n\t\t\t\t\t<\/div>\n\n\t\n\n\t<div id=\"col-151525478\" class=\"col medium-3 small-12 large-3\"  >\n\t\t\t\t<div class=\"col-inner\"  >\n\t\t\t\n\t\t\t\n\n    <div class=\"box has-hover has-hover box-text-bottom\" >\n\n                  <div class=\"box-image \" style=\"width:80%;\">\n           <div class=\"box-image-inner image-cover\" style=\"border-radius:100%;padding-top:100%;\">\n              <img loading=\"lazy\" decoding=\"async\" width=\"1365\" height=\"2048\" src=\"https:\/\/lakritzkontor.de\/shop\/wp-content\/uploads\/2026\/03\/Dietmar_Lafritze.jpeg\" class=\"attachment- size-\" alt=\"\" srcset=\"https:\/\/lakritzkontor.de\/shop\/wp-content\/uploads\/2026\/03\/Dietmar_Lafritze.jpeg 1365w, https:\/\/lakritzkontor.de\/shop\/wp-content\/uploads\/2026\/03\/Dietmar_Lafritze-267x400.jpeg 267w, https:\/\/lakritzkontor.de\/shop\/wp-content\/uploads\/2026\/03\/Dietmar_Lafritze-533x800.jpeg 533w, https:\/\/lakritzkontor.de\/shop\/wp-content\/uploads\/2026\/03\/Dietmar_Lafritze-768x1152.jpeg 768w, https:\/\/lakritzkontor.de\/shop\/wp-content\/uploads\/2026\/03\/Dietmar_Lafritze-1024x1536.jpeg 1024w, https:\/\/lakritzkontor.de\/shop\/wp-content\/uploads\/2026\/03\/Dietmar_Lafritze-510x765.jpeg 510w\" sizes=\"auto, (max-width: 1365px) 100vw, 1365px\" \/>                         <\/div>\n          <\/div>\n         \n          <div class=\"box-text text-center\" >\n                <div class=\"box-text-inner\">\n                  <h4 class=\"uppercase\">\n                    <span class=\"person-name\">Dietmar Teickner<\/span><br\/>\n                    <span class=\"person-title is-small thin-font op-7\">\n                      Chef \/ Gr\u00fcnder                    <\/span>\n                  <\/h4>\n\t\t\t\t\t<div class=\"social-icons follow-icons\" ><a href=\"https:\/\/www.facebook.com\/lakritzkontor\" target=\"_blank\" data-label=\"Facebook\" class=\"icon button circle is-outline tooltip facebook\" title=\"Auf Facebook folgen\" aria-label=\"Auf Facebook folgen\" rel=\"noopener nofollow\"><i class=\"icon-facebook\" aria-hidden=\"true\"><\/i><\/a><a href=\"https:\/\/www.instagram.com\/lakritzkontor_potsdam\/\" target=\"_blank\" data-label=\"Instagram\" class=\"icon button circle is-outline tooltip instagram\" title=\"Auf Instagram folgen\" aria-label=\"Auf Instagram folgen\" rel=\"noopener nofollow\"><i class=\"icon-instagram\" aria-hidden=\"true\"><\/i><\/a><a href=\"mailto:info@lakritzkontor.de\" data-label=\"E-mail\" target=\"_blank\" class=\"icon button circle is-outline tooltip email\" title=\"Sende uns eine E-Mail\" aria-label=\"Sende uns eine E-Mail\" rel=\"nofollow noopener\"><i class=\"icon-envelop\" aria-hidden=\"true\"><\/i><\/a><a href=\"tel:03312005890\" data-label=\"Phone\" target=\"_blank\" class=\"icon button circle is-outline tooltip phone\" title=\"Rufe uns an\" aria-label=\"Rufe uns an\" rel=\"nofollow noopener\"><i class=\"icon-phone\" aria-hidden=\"true\"><\/i><\/a><\/div>\n\n<p>Gr\u00fcnder des und Mastermind im Lakritzkontor. Ein Lakritz, dass er nicht kennt, gibt es einfach nicht.<\/p>\n\n                <\/div>\n          <\/div>\n    <\/div>\n\n\t\n    \n\n\t\t<\/div>\n\t\t\t\t\t<\/div>\n\n\t\n\n\t<div id=\"col-1637062047\" class=\"col medium-3 small-12 large-3\"  >\n\t\t\t\t<div class=\"col-inner\"  >\n\t\t\t\n\t\t\t\n\n    <div class=\"box has-hover has-hover box-text-bottom\" >\n\n                  <div class=\"box-image \" style=\"width:80%;\">\n           <div class=\"box-image-inner image-cover\" style=\"border-radius:100%;padding-top:100%;\">\n              <img loading=\"lazy\" decoding=\"async\" width=\"1000\" height=\"1000\" src=\"https:\/\/lakritzkontor.de\/shop\/wp-content\/uploads\/2026\/03\/karinaschneemann_2.jpg\" class=\"attachment- size-\" alt=\"\" srcset=\"https:\/\/lakritzkontor.de\/shop\/wp-content\/uploads\/2026\/03\/karinaschneemann_2.jpg 1000w, https:\/\/lakritzkontor.de\/shop\/wp-content\/uploads\/2026\/03\/karinaschneemann_2-400x400.jpg 400w, https:\/\/lakritzkontor.de\/shop\/wp-content\/uploads\/2026\/03\/karinaschneemann_2-800x800.jpg 800w, https:\/\/lakritzkontor.de\/shop\/wp-content\/uploads\/2026\/03\/karinaschneemann_2-280x280.jpg 280w, https:\/\/lakritzkontor.de\/shop\/wp-content\/uploads\/2026\/03\/karinaschneemann_2-768x768.jpg 768w, https:\/\/lakritzkontor.de\/shop\/wp-content\/uploads\/2026\/03\/karinaschneemann_2-510x510.jpg 510w, https:\/\/lakritzkontor.de\/shop\/wp-content\/uploads\/2026\/03\/karinaschneemann_2-100x100.jpg 100w\" sizes=\"auto, (max-width: 1000px) 100vw, 1000px\" \/>                         <\/div>\n          <\/div>\n         \n          <div class=\"box-text text-center\" >\n                <div class=\"box-text-inner\">\n                  <h4 class=\"uppercase\">\n                    <span class=\"person-name\">Karina Schneemann<\/span><br\/>\n                    <span class=\"person-title is-small thin-font op-7\">\n                      Teamlead                    <\/span>\n                  <\/h4>\n\t\t\t\t\t<div class=\"social-icons follow-icons\" ><a href=\"https:\/\/www.instagram.com\/lakritzkontor_potsdam\/\" target=\"_blank\" data-label=\"Instagram\" class=\"icon button circle is-outline tooltip instagram\" title=\"Auf Instagram folgen\" aria-label=\"Auf Instagram folgen\" rel=\"noopener nofollow\"><i class=\"icon-instagram\" aria-hidden=\"true\"><\/i><\/a><a href=\"mailto:info@lakritzkontor.de\" data-label=\"E-mail\" target=\"_blank\" class=\"icon button circle is-outline tooltip email\" title=\"Sende uns eine E-Mail\" aria-label=\"Sende uns eine E-Mail\" rel=\"nofollow noopener\"><i class=\"icon-envelop\" aria-hidden=\"true\"><\/i><\/a><a href=\"tel:03312005890\" data-label=\"Phone\" target=\"_blank\" class=\"icon button circle is-outline tooltip phone\" title=\"Rufe uns an\" aria-label=\"Rufe uns an\" rel=\"nofollow noopener\"><i class=\"icon-phone\" aria-hidden=\"true\"><\/i><\/a><\/div>\n\n<p>Laktitzpartisanin der ersten Stunde. Sie ist das Logikzentrum im Team.<\/p>\n\n                <\/div>\n          <\/div>\n    <\/div>\n\n\t\n    \n\n\t\t<\/div>\n\t\t\t\t\t<\/div>\n\n\t\n\n\t<div id=\"col-1504474721\" class=\"col medium-3 small-12 large-3\"  >\n\t\t\t\t<div class=\"col-inner\"  >\n\t\t\t\n\t\t\t\n\n    <div class=\"box has-hover has-hover box-text-bottom\" >\n\n                  <div class=\"box-image \" style=\"width:80%;\">\n           <div class=\"box-image-inner image-cover\" style=\"border-radius:100%;padding-top:100%;\">\n              <img loading=\"lazy\" decoding=\"async\" width=\"694\" height=\"694\" src=\"https:\/\/lakritzkontor.de\/shop\/wp-content\/uploads\/2026\/03\/Lakritzteam.jpg\" class=\"attachment- size-\" alt=\"\" srcset=\"https:\/\/lakritzkontor.de\/shop\/wp-content\/uploads\/2026\/03\/Lakritzteam.jpg 694w, https:\/\/lakritzkontor.de\/shop\/wp-content\/uploads\/2026\/03\/Lakritzteam-400x400.jpg 400w, https:\/\/lakritzkontor.de\/shop\/wp-content\/uploads\/2026\/03\/Lakritzteam-280x280.jpg 280w, https:\/\/lakritzkontor.de\/shop\/wp-content\/uploads\/2026\/03\/Lakritzteam-510x510.jpg 510w, https:\/\/lakritzkontor.de\/shop\/wp-content\/uploads\/2026\/03\/Lakritzteam-100x100.jpg 100w\" sizes=\"auto, (max-width: 694px) 100vw, 694px\" \/>                         <\/div>\n          <\/div>\n         \n          <div class=\"box-text text-center\" >\n                <div class=\"box-text-inner\">\n                  <h4 class=\"uppercase\">\n                    <span class=\"person-name\">Die BEsten<\/span><br\/>\n                    <span class=\"person-title is-small thin-font op-7\">\n                      Verkaufsteam                    <\/span>\n                  <\/h4>\n\t\t\t\t\t<div class=\"social-icons follow-icons\" ><a href=\"mailto:info@lakritzkontor.de\" data-label=\"E-mail\" target=\"_blank\" class=\"icon button circle is-outline tooltip email\" title=\"Sende uns eine E-Mail\" aria-label=\"Sende uns eine E-Mail\" rel=\"nofollow noopener\"><i class=\"icon-envelop\" aria-hidden=\"true\"><\/i><\/a><a href=\"tel:03312005890\" data-label=\"Phone\" target=\"_blank\" class=\"icon button circle is-outline tooltip phone\" title=\"Rufe uns an\" aria-label=\"Rufe uns an\" rel=\"nofollow noopener\"><i class=\"icon-phone\" aria-hidden=\"true\"><\/i><\/a><\/div>\n\n<p>Unser Team &#8211; kompetent und manchmal etwas durchgeknallt<\/p>\n\n                <\/div>\n          <\/div>\n    <\/div>\n\n\t\n    \n\n\t\t<\/div>\n\t\t\t\t\t<\/div>\n\n\t\n\n\t<div id=\"col-341462721\" class=\"col medium-3 small-12 large-3\"  >\n\t\t\t\t<div class=\"col-inner\"  >\n\t\t\t\n\t\t\t\n\n\n\t\t<\/div>\n\t\t\t\t\t<\/div>\n\n\t\n\n<\/div>\n\n\n\n<p><\/p>\n","protected":false},"excerpt":{"rendered":"","protected":false},"author":1,"featured_media":31,"parent":66,"menu_order":0,"comment_status":"closed","ping_status":"closed","template":"page-transparent-header-light.php","meta":{"footnotes":""},"class_list":["post-108","page","type-page","status-publish","has-post-thumbnail","hentry"],"jetpack_sharing_enabled":true,"_links":{"self":[{"href":"https:\/\/lakritzkontor.de\/shop\/wp-json\/wp\/v2\/pages\/108","targetHints":{"allow":["GET"]}}],"collection":[{"href":"https:\/\/lakritzkontor.de\/shop\/wp-json\/wp\/v2\/pages"}],"about":[{"href":"https:\/\/lakritzkontor.de\/shop\/wp-json\/wp\/v2\/types\/page"}],"author":[{"embeddable":true,"href":"https:\/\/lakritzkontor.de\/shop\/wp-json\/wp\/v2\/users\/1"}],"replies":[{"embeddable":true,"href":"https:\/\/lakritzkontor.de\/shop\/wp-json\/wp\/v2\/comments?post=108"}],"version-history":[{"count":10,"href":"https:\/\/lakritzkontor.de\/shop\/wp-json\/wp\/v2\/pages\/108\/revisions"}],"predecessor-version":[{"id":760,"href":"https:\/\/lakritzkontor.de\/shop\/wp-json\/wp\/v2\/pages\/108\/revisions\/760"}],"up":[{"embeddable":true,"href":"https:\/\/lakritzkontor.de\/shop\/wp-json\/wp\/v2\/pages\/66"}],"wp:featuredmedia":[{"embeddable":true,"href":"https:\/\/lakritzkontor.de\/shop\/wp-json\/wp\/v2\/media\/31"}],"wp:attachment":[{"href":"https:\/\/lakritzkontor.de\/shop\/wp-json\/wp\/v2\/media?parent=108"}],"curies":[{"name":"wp","href":"https:\/\/api.w.org\/{rel}","templated":true}]}}